{"version":"1.0","provider_name":"Karate-Dojo Emmendingen e.V.","provider_url":"http:\/\/karatedojoemmendingen.de\/wp","author_name":"Karate-Dojo Emmendingen e.V.","author_url":"http:\/\/karatedojoemmendingen.de\/wp\/author\/kdebauer\/","title":"Erfolgreicher Auftritt unserer Karateka beim Regio-Cup | Karate-Dojo Emmendingen e.V.","type":"rich","width":600,"height":338,"html":"<blockquote class=\"wp-embedded-content\" data-secret=\"eQcwJWJ20s\"><a href=\"http:\/\/karatedojoemmendingen.de\/wp\/erfolgreicher-auftritt-unserer-karateka-beim-regio-cup\/\">Erfolgreicher Auftritt unserer Karateka beim Regio-Cup<\/a><\/blockquote><iframe sandbox=\"allow-scripts\" security=\"restricted\" src=\"http:\/\/karatedojoemmendingen.de\/wp\/erfolgreicher-auftritt-unserer-karateka-beim-regio-cup\/embed\/#?secret=eQcwJWJ20s\" width=\"600\" height=\"338\" title=\"&#8222;Erfolgreicher Auftritt unserer Karateka beim Regio-Cup&#8220; &#8212; Karate-Dojo Emmendingen e.V.\" data-secret=\"eQcwJWJ20s\" frameborder=\"0\" marginwidth=\"0\" marginheight=\"0\" scrolling=\"no\" class=\"wp-embedded-content\"><\/iframe><script type=\"text\/javascript\">\n\/*! This file is auto-generated *\/\n!function(c,d){\"use strict\";var e=!1,o=!1;if(d.querySelector)if(c.addEventListener)e=!0;if(c.wp=c.wp||{},c.wp.receiveEmbedMessage);else if(c.wp.receiveEmbedMessage=function(e){var t=e.data;if(!t);else if(!(t.secret||t.message||t.value));else if(\/[^a-zA-Z0-9]\/.test(t.secret));else{for(var r,s,a,i=d.querySelectorAll('iframe[data-secret=\"'+t.secret+'\"]'),n=d.querySelectorAll('blockquote[data-secret=\"'+t.secret+'\"]'),o=new RegExp(\"^https?:$\",\"i\"),l=0;l<n.length;l++)n[l].style.display=\"none\";for(l=0;l<i.length;l++)if(r=i[l],e.source!==r.contentWindow);else{if(r.removeAttribute(\"style\"),\"height\"===t.message){if(1e3<(s=parseInt(t.value,10)))s=1e3;else if(~~s<200)s=200;r.height=s}if(\"link\"===t.message)if(s=d.createElement(\"a\"),a=d.createElement(\"a\"),s.href=r.getAttribute(\"src\"),a.href=t.value,!o.test(a.protocol));else if(a.host===s.host)if(d.activeElement===r)c.top.location.href=t.value}}},e)c.addEventListener(\"message\",c.wp.receiveEmbedMessage,!1),d.addEventListener(\"DOMContentLoaded\",t,!1),c.addEventListener(\"load\",t,!1);function t(){if(o);else{o=!0;for(var e,t,r,s=-1!==navigator.appVersion.indexOf(\"MSIE 10\"),a=!!navigator.userAgent.match(\/Trident.*rv:11\\.\/),i=d.querySelectorAll(\"iframe.wp-embedded-content\"),n=0;n<i.length;n++){if(!(r=(t=i[n]).getAttribute(\"data-secret\")))r=Math.random().toString(36).substr(2,10),t.src+=\"#?secret=\"+r,t.setAttribute(\"data-secret\",r);if(s||a)(e=t.cloneNode(!0)).removeAttribute(\"security\"),t.parentNode.replaceChild(e,t);t.contentWindow.postMessage({message:\"ready\",secret:r},\"*\")}}}}(window,document);\n<\/script>\n","description":"Am 11.10.2025 fand der Regio-Cup in Zunsweier statt, bei dem auch zwei unserer Karateka in der Disziplin Kata an den Start gingen &#8211; mit gro\u00dfem Erfolg! Elias K\u00f6ck, der zum ersten mal f\u00fcr unseren Verein an einem offiziellem Wettkampf teilnahm, zeigte eine beeindruckende Leistung und konnte sich direkt den 1. Platz sichern. Ein gro\u00dfartiger Einstand. [&hellip;]","thumbnail_url":"http:\/\/karatedojoemmendingen.de\/wp\/wp-content\/uploads\/2025\/10\/Regio-Cup-gruppenbild-scaled-e1760970747435-1024x822.jpg"}

Am 11.10.2025 fand der Regio-Cup in Zunsweier statt, bei dem auch zwei unserer Karateka in der Disziplin Kata an den Start gingen &#8211; mit großem Erfolg! Elias Köck, der zum ersten mal für unseren Verein an einem offiziellem Wettkampf teilnahm, zeigte eine beeindruckende Leistung und konnte sich direkt den 1. Platz sichern. Ein großartiger Einstand. [&hellip;]
